{"id":579,"date":"2023-09-24T21:29:53","date_gmt":"2023-09-24T19:29:53","guid":{"rendered":"https:\/\/cgtgroupecasino.com\/?page_id=579"},"modified":"2024-12-19T10:50:50","modified_gmt":"2024-12-19T09:50:50","slug":"securite-sociale","status":"publish","type":"page","link":"https:\/\/cgtgroupecasino.com\/index.php\/securite-sociale\/","title":{"rendered":"La S\u00e9curit\u00e9 Sociale"},"content":{"rendered":"\n<ul class=\"wp-block-list\">\n<li class=\"has-small-font-size\"><strong><a href=\"https:\/\/cgtgroupecasino.com\/wp-content\/uploads\/2023\/09\/HISTORIQUE.pptx\" data-type=\"link\" data-id=\"https:\/\/cgtgroupecasino.com\/wp-content\/uploads\/2023\/09\/HISTORIQUE.pptx\">Historique<\/a><\/strong><\/li>\n\n\n\n<li class=\"has-small-font-size\"><strong><a href=\"https:\/\/cgtgroupecasino.com\/wp-content\/uploads\/2023\/09\/LA-SECU-AUJOURDHUI.pptx\" data-type=\"link\" data-id=\"https:\/\/cgtgroupecasino.com\/wp-content\/uploads\/2023\/09\/LA-SECU-AUJOURDHUI.pptx\">La s\u00e9cu d&rsquo;aujourd&rsquo;hui<\/a><\/strong><\/li>\n\n\n\n<li class=\"has-small-font-size\"><strong><a href=\"https:\/\/cgtgroupecasino.com\/wp-content\/uploads\/2023\/09\/PROPOSITIONS-CGT.pptx\" data-type=\"link\" data-id=\"https:\/\/cgtgroupecasino.com\/wp-content\/uploads\/2023\/09\/PROPOSITIONS-CGT.pptx\">Proposition de la CGT<\/a><\/strong><\/li>\n\n\n\n<li class=\"has-small-font-size\"><strong><a href=\"https:\/\/cgtgroupecasino.com\/wp-content\/uploads\/2023\/09\/reconquete-securite-sociale-2020.pdf\" data-type=\"link\" data-id=\"https:\/\/cgtgroupecasino.com\/wp-content\/uploads\/2023\/09\/reconquete-securite-sociale-2020.pdf\">Reconqu\u00eate de la s\u00e9curit\u00e9 sociale<\/a><\/strong><\/li>\n\n\n\n<li class=\"has-small-font-size\"><strong><a href=\"https:\/\/cgtgroupecasino.com\/wp-content\/uploads\/2024\/10\/FNIC_Les-maux_de_la_Secu.pdf\" data-type=\"link\" data-id=\"https:\/\/cgtgroupecasino.com\/wp-content\/uploads\/2024\/10\/FNIC_Les-maux_de_la_Secu.pdf\">Les maux de la s\u00e9curit\u00e9 sociale<\/a><\/strong><\/li>\n<\/ul>\n\n\n\n<p><\/p>\n\n\n\n<ul class=\"wp-block-list\">\n<li class=\"has-small-font-size\"><a href=\"https:\/\/cgtgroupecasino.com\/wp-content\/uploads\/2024\/10\/FNPOS_Com_PLFSS_n1VF_11.09.2024.pdf\"><strong>FNPOS_Com_PLFSS_n\u00b01 VF<\/strong><\/a><\/li>\n\n\n\n<li class=\"has-small-font-size\"><a href=\"https:\/\/cgtgroupecasino.com\/wp-content\/uploads\/2024\/10\/FNPOS_Com_PLFSS_n2VF_17.09.2024.pdf\"><strong>FNPOS_Com_PLFSS_n\u00b02 VF<\/strong><\/a><\/li>\n\n\n\n<li class=\"has-small-font-size\"><a href=\"https:\/\/cgtgroupecasino.com\/wp-content\/uploads\/2024\/10\/FNPOS_Com_PLFSS_n3VF.pdf\"><strong>FNPOS_Com_PLFSS_n\u00b03 VF<\/strong><\/a><\/li>\n\n\n\n<li class=\"has-small-font-size\"><a href=\"https:\/\/cgtgroupecasino.com\/wp-content\/uploads\/2024\/10\/FNPOS_Com_PLFSS_n4VF.pdf\"><strong>FNPOS_Com_PLFSS_n\u00b04 VF<\/strong><\/a><\/li>\n<\/ul>\n\n\n\n<p><a href=\"https:\/\/cgtgroupecasino.com\/wp-content\/uploads\/2024\/12\/Lettre_Reseau_11.pdf\"><strong>Lettre du r\u00e9seau social n\u00b011<\/strong><\/a><\/p>\n\n\n\n<p><\/p>\n","protected":false},"excerpt":{"rendered":"<p>Lettre du r\u00e9seau social n\u00b011<\/p>\n","protected":false},"author":3,"featured_media":0,"parent":0,"menu_order":0,"comment_status":"closed","ping_status":"closed","template":"","meta":{"footnotes":""},"class_list":["post-579","page","type-page","status-publish","hentry"],"_links":{"self":[{"href":"https:\/\/cgtgroupecasino.com\/index.php\/wp-json\/wp\/v2\/pages\/579","targetHints":{"allow":["GET"]}}],"collection":[{"href":"https:\/\/cgtgroupecasino.com\/index.php\/wp-json\/wp\/v2\/pages"}],"about":[{"href":"https:\/\/cgtgroupecasino.com\/index.php\/wp-json\/wp\/v2\/types\/page"}],"author":[{"embeddable":true,"href":"https:\/\/cgtgroupecasino.com\/index.php\/wp-json\/wp\/v2\/users\/3"}],"replies":[{"embeddable":true,"href":"https:\/\/cgtgroupecasino.com\/index.php\/wp-json\/wp\/v2\/comments?post=579"}],"version-history":[{"count":11,"href":"https:\/\/cgtgroupecasino.com\/index.php\/wp-json\/wp\/v2\/pages\/579\/revisions"}],"predecessor-version":[{"id":834,"href":"https:\/\/cgtgroupecasino.com\/index.php\/wp-json\/wp\/v2\/pages\/579\/revisions\/834"}],"wp:attachment":[{"href":"https:\/\/cgtgroupecasino.com\/index.php\/wp-json\/wp\/v2\/media?parent=579"}],"curies":[{"name":"wp","href":"https:\/\/api.w.org\/{rel}","templated":true}]}}